nd u?
2
Let d be 19/4 - (-4)/16. Suppose -w - 2*h - 18 = -58, d*h - 154 = -4*w. Let n be (-1)/6 - (-1014)/w. Calculate the highest common divisor of 7 and n.
7
Let v be (-445)/(-4) + 5/(-20). Suppose 3*m - v + 3 = 0. Calculate the greatest common factor of 12 and m.
12
Let h(i) be the third derivative of -i**4/24 + 13*i**3/6 + 4*i**2. Let x be h(7). Calculate the highest common divisor of 30 and x.
6
Let x(i) = 2*i**2 + 28*i - 23. Let a be x(-15). Let c(z) = 4*z**3 - 5*z**2 + 2*z + 1. Let r be c(3). What is the greatest common divisor of r and a?
7
Let k be (30/75)/((-1)/(-45)). Calculate the greatest common divisor of k and 144.
18
Let k = 0 + 3. Let u(j) = -7*j + 5 - j**2 - k - 4. Let a be u(-6). Calculate the greatest common factor of a and 20.
4
Let c be (336/(-196))/(1/(-14)). What is the greatest common divisor of 3 and c?
3
Suppose 3*m = -2*m. Let k be (-2 + 1)*1*m. Suppose 4*y + k - 3 = r, -4*y + 2*r - 2 = 0. Calculate the greatest common divisor of y and 6.
2
Let d(c) = 11*c - 10. Let w be d(5). Calculate the highest common factor of w and 30.
15
Suppose 5*g - 306 = 274. What is the greatest common divisor of g and 29?
29
Let v = -254 + 479. What is the greatest common factor of 25 and v?
25
Let h(l) = 5*l**2 + 11. Let i be h(-3). Calculate the highest common factor of 140 and i.
28
Let y(q) = 14*q**3 - q - 2. Let t be y(-2). Let r be ((-9)/(-12))/((-4)/t). Calculate the greatest common factor of r and 7.
7
Let j be ((-80)/(-24))/(2/27). What is the greatest common divisor of j and 5?
5
Let r(o) = 11*o**2. Let u be r(-1). Let v = u - -2. Let i = 316 + -173. What is the greatest common divisor of v and i?
13
Let n(i) = -i**2 + 2*i**2 + 8*i**2 + i**2 + i. Let t = -2 + 1. Let u be n(t). Calculate the greatest common factor of u and 45.
9
Let v(r) = -11*r + 22. Let u be v(-13). Suppose 4*q - q - 24 = -2*i, 0 = 5*i + q - 73. What is the greatest common factor of i and u?
15
Let d = -16 + 17. Let m = -6 + 8. Let i = d + m. What is the greatest common divisor of i and 1?
1
Suppose -y + 4 = 4*p, -2*y + 2*p = -3*y + 8. Calculate the greatest common divisor of y and 30.
6
Suppose 2*a + 168 = 7*a - 4*y, 5*a - 2*y - 174 = 0. Calculate the greatest common factor of a and 24.
12
Suppose 44 = 5*c + a - 30, c - 2*a = 6. Let s = -6 + 2. Let p be -2*3/s*14. What is the greatest common factor of p and c?
7
Let p(f) = -8*f**2 + 1. Let d be p(-1). Let n(c) = c**2 + 2*c - 10. Let m be n(d). What is the greatest common divisor of 25 and m?
25
Let n be (195/52)/(6/16). What is the highest common factor of n and 90?
10
Let j = -10 + 16. Suppose -j*b + 274 = -182. Suppose u + g - 91 = -4*u, -u + g = -23. What is the greatest common divisor of b and u?
19
Suppose 0 = -0*q + 5*q - 195. What is the highest common factor of 26 and q?
13
Let r(b) = b**3 + 11*b**2 + 8*b + 6. Let s be r(-10). Let t = 59 - s. Let d(i) = -i. Let u be d(-3). What is the greatest common divisor of t and u?
3
Let t = 10 - -6. Calculate the greatest common divisor of t and 8.
8
Let p(h) = 9*h**2 - 11*h - 5 - 5*h**2 - h**2. Let m be p(7). What is the greatest common divisor of 13 and m?
13
Suppose 3*k = 0, 0 = -2*s + 3*k - 25 - 23. Let h = -21 - s. Calculate the greatest common factor of 15 and h.
3
Suppose -m + 16 = -0*m. Suppose l - 4 = 5*b, 0 = -5*l + 5*b + 19 + 81. Calculate the greatest common factor of l and m.
8
Let s be -8*(1335/12)/(-5) - 2. Calculate the highest common divisor of s and 22.
22
Suppose 2*x + 0 = 6. Calculate the highest common divisor of x and 15.
3
Let m(b) = 1 - 109*b - 3 + 1 + 4. Let r(k) = 163*k - 5. Let o(v) = 8*m(v) + 5*r(v). Let d be o(-1). Calculate the highest common factor of d and 7.
7
Suppose n = -2*w + 2*n + 63, 0 = -4*w - 2*n + 114. Let z = -10 + 30. Calculate the greatest common divisor of w and z.
10
Let t(p) = -7*p - 1. Let z be t(-1). What is the highest common factor of z and 9?
3
Suppose 0 = 2*q + 26 + 12. Let w = q - -31. Let r be 1/(10/32)*15. What is the highest common factor of r and w?
12
Let z = 53 + -45. Calculate the highest common factor of 2 and z.
2
Suppose 65 = -h - 4*y + 404, -2*y - 678 = -2*h. Let r = 592 - h. Calculate the highest common divisor of r and 23.
23
Let s = 3 - 1. Suppose -n - s*n + 96 = 0. Suppose 2*j + 0 = 8. Calculate the highest common divisor of j and n.
4
Let s = 19 - 18. Let x be s/(-3 - (-55)/18). Let z(j) = -j**2 - 9*j - 9. Let i be z(-6). What is the highest common divisor of i and x?
9
Let o = 126 - 86. Calculate the greatest common factor of 5 and o.
5
Suppose -2*n - 3*n = -3*z - 271, -3*n + 156 = -4*z. What is the highest common divisor of n and 112?
56
Let l(t) = 3*t**2 + 12*t + 9. Let i be l(-7). Calculate the greatest common divisor of i and 18.
18
Suppose 41*n - 39*n = 14. Calculate the highest common divisor of 77 and n.
7
Let o(g) = g**3 - 8*g**2 + 7*g + 2. Let i be o(7). What is the greatest common factor of i and 18?
2
Suppose 10*k = 6*k + 32. Calculate the highest common factor of k and 64.
8
Suppose a + s - 18 = 0, 0*a - s = -5*a + 96. Calculate the greatest common divisor of a and 57.
19
Let m = 77 + -32. Let d(u) be the first derivative of 3*u**2/2 - 13*u + 4. Let z be d(6). Calculate the greatest common factor of z and m.
5
Suppose 3*v = -4*a + 177, -4*v + 3*a + 198 = -v. Suppose -2*n - 177 = -4*j - 5*n, 4*n - 12 = 0. What is the greatest common factor of v and j?
21
Let d = 12 + 24. Suppose -t = -4*o - d, -t + 130 = 4*t + 5*o. Calculate the greatest common divisor of 308 and t.
28
Suppose -5*b + c + c = 6, -2*b + 2*c = 6. Suppose b*k - 2*k = 0. Suppose -2*a + 3*a - 14 = k. What is the greatest common factor of a and 14?
14
Suppose -4*q + 7*q + 9 = 0, 0 = -5*m + 2*q + 26. Let t be -1 + (6 - m/(-2)). What is the highest common divisor of 77 and t?
7
Suppose 2*m - 3*m + 37 = 0. Suppose -5*u + 3*i + 175 = 0, 2*u - 3*u + i = -m. Calculate the highest common divisor of u and 4.
4
Suppose 2*m + 0*m = f + 10, -4*f + 10 = 2*m. Suppose 0*b - b + 3 = f. Calculate the highest common divisor of b and 9.
3
Suppose -5*p + 2*m + 752 = 0, -30 - 117 = -p - 3*m. Calculate the greatest common factor of 25 and p.
25
Suppose 2*v - 4*g = -16, -v - 3*v = -3*g + 12. Suppose 2*d + 2*j - 22 = v, 2*d = -0*d + j + 19. What is the highest common divisor of 20 and d?
10
Suppose 7*m - 19 - 58 = 0. Calculate the greatest common factor of m and 77.
11
Let y(f) = f**2 + 7*f - 11. Let h be -10*(2 + 1/(-1)). Let x be y(h). What is the greatest common factor of 19 and x?
19
Suppose -4*j - 3*q + 68 = -8*q, -3*q = -3*j + 54. Calculate the greatest common factor of j and 66.
22
Suppose 3*v - 7*v = -20. Calculate the highest common factor of 1 and v.
1
Let s(b) = b**3 - 4*b**2 + 2*b - 3. Let c be s(5). Calculate the greatest common factor of c and 8.
8
Let p = 34 + -27. Calculate the greatest common factor of p and 21.
7
Suppose 50 = -j + 2*j. What is the greatest common divisor of j and 10?
10
Let n be 2261/153 - 4/(-18). Calculate the highest common divisor of n and 3.
3
Let h(v) be the second derivative of 12*v**4 - v. Let y be h(-1). Suppose 3*i - 72 = -0*i. Calculate the highest common factor of y and i.
24
Let s(l) = -5*l - 33. Let r be s(-7). Suppose x = -3*v - 3*x - 6, -4*x = -4*v + 20. What is the greatest common divisor of v and r?
2
Suppose 0 = 9*f + 17 - 116. What is the highest common factor of 77 and f?
11
Let h(l) = -l**2 + 8*l - 3. Let r be h(3). Let j = -6 - 0. Let p be 7/2 - (-3)/j. Calculate the greatest common factor of r and p.
3
Let u(r) = -r**2 - 3*r - 4. Let c be u(-3). Let j be (0 + -20)/(4/c). Calculate the highest common factor of j and 50.
10
Let v = -10 - -45. Suppose 35 = 5*g - 3*x, -3*g - 5*x = -6*g + 21. What is the highest common factor of g and v?
7
Let h(x) = -x**2 + 5*x + 4. Let l be h(5). Suppose -3*g = -c + 26, -c + 36 = 4*g - 9*g. Let f be c/9 - (-2)/(-9). What is the highest common factor of f and l?
1
Let w(y) = -4*y**2 + 2 - y**2 + 7*y**3 + 1 + y - 2*y**3. Let f be w(3). Calculate the highest common divisor of f and 12.
12
Suppose -3*r - 556 = -5*o - 2*r, r - 452 = -4*o. Calculate the greatest common divisor of o and 28.
28
Let g(n) = n**3 - 6 + 2*n + 5*n**2 - 1 + 5. Let y(d) = -d - 5. Let i be y(-2). Let f be g(i). Calculate the greatest common divisor of f and 40.
10
Let x(a) = 12*a**2 